{"id":10228,"date":"2025-05-07T15:18:16","date_gmt":"2025-05-07T13:18:16","guid":{"rendered":"http:\/\/demo.edge-themes.com\/hudson6\/?page_id=10228"},"modified":"2025-05-07T15:18:56","modified_gmt":"2025-05-07T13:18:56","slug":"galerie-photos","status":"publish","type":"page","link":"https:\/\/www.chateauletros.fr\/index.php\/galerie-photos\/","title":{"rendered":"Galerie Photos"},"content":{"rendered":"<div class=\"wpb-content-wrapper\"><p>[vc_row row_type=\u00a0\u00bbrow\u00a0\u00bb use_row_as_full_screen_section=\u00a0\u00bbno\u00a0\u00bb type=\u00a0\u00bbfull_width\u00a0\u00bb text_align=\u00a0\u00bbcenter\u00a0\u00bb padding_bottom=\u00a0\u00bb44&Prime; box_shadow_on_row=\u00a0\u00bbno\u00a0\u00bb oblique_section=\u00a0\u00bbno\u00a0\u00bb oblique_section_top_and_bottom=\u00a0\u00bbboth\u00a0\u00bb oblique_section_position=\u00a0\u00bbfrom_left_to_right\u00a0\u00bb triangle_shape=\u00a0\u00bbno\u00a0\u00bb triangle_shape_position=\u00a0\u00bbboth\u00a0\u00bb][vc_column]<div class='projects_holder_outer v4 portfolio_with_space portfolio_with_hover_text '><div class='portfolio_main_holder projects_holder portfolio_one_by_one  clearfix v4 hover_text' style=''>\n<article  class='mix portfolio_category_85 '><div class=\"item_holder gradient_hover\"><div class=\"text_holder\" ><div class=\"text_holder_outer\"><div class=\"text_holder_inner\"><h5 class=\"portfolio_title\" ><a href=\"https:\/\/www.chateauletros.fr\/index.php\/portfolio_page\/les-vendanges\/\" >Les vendanges<\/a><\/h5><span class=\"separator animate\" style=\"background-color: #e2bc9b;height: 2px;\"><\/span><\/div><\/div><\/div><a class=\"portfolio_link_class\" href=\"https:\/\/www.chateauletros.fr\/index.php\/portfolio_page\/les-vendanges\/\" target=_self><\/a><div class=\"portfolio_shader\" style=\"background: -webkit-linear-gradient(to bottom, rgba(248,248,248,0) 10%, rgba(248,248,248,0.9) 100%);background: linear-gradient(to bottom, rgba(248,248,248,0) 10%, rgba(248,248,248,0.9) 100%);\"><\/div><div class=\"image_holder\"><span class=\"image\"><img loading=\"lazy\" decoding=\"async\" width=\"550\" height=\"550\" src=\"https:\/\/www.chateauletros.fr\/wp-content\/uploads\/2016\/10\/IMG_0034-550x550.png\" class=\"attachment-portfolio-square size-portfolio-square wp-post-image\" alt=\"\" srcset=\"https:\/\/www.chateauletros.fr\/wp-content\/uploads\/2016\/10\/IMG_0034-150x150.png 150w, https:\/\/www.chateauletros.fr\/wp-content\/uploads\/2016\/10\/IMG_0034-550x550.png 550w\" sizes=\"auto, (max-width: 380px) 69.090909090909vw,(max-width: 500px) 90.909090909091vw,(max-width: 660px) 120vw,(max-width: 800px) 145.45454545455vw,550px\" \/><\/span><\/div><\/div><\/article>\n<article  class='mix portfolio_category_86 '><div class=\"item_holder gradient_hover\"><div class=\"text_holder\" ><div class=\"text_holder_outer\"><div class=\"text_holder_inner\"><h5 class=\"portfolio_title\" ><a href=\"https:\/\/www.chateauletros.fr\/index.php\/portfolio_page\/portes-ouvertes\/\" >Portes Ouvertes<\/a><\/h5><span class=\"separator animate\" style=\"background-color: #e2bc9b;height: 2px;\"><\/span><\/div><\/div><\/div><a class=\"portfolio_link_class\" href=\"https:\/\/www.chateauletros.fr\/index.php\/portfolio_page\/portes-ouvertes\/\" target=_self><\/a><div class=\"portfolio_shader\" style=\"background: -webkit-linear-gradient(to bottom, rgba(248,248,248,0) 10%, rgba(248,248,248,0.9) 100%);background: linear-gradient(to bottom, rgba(248,248,248,0) 10%, rgba(248,248,248,0.9) 100%);\"><\/div><div class=\"image_holder\"><span class=\"image\"><img loading=\"lazy\" decoding=\"async\" width=\"550\" height=\"550\" src=\"https:\/\/www.chateauletros.fr\/wp-content\/uploads\/2017\/01\/MG_9496-e1489595335924-1-550x550.jpg\" class=\"attachment-portfolio-square size-portfolio-square wp-post-image\" alt=\"\" srcset=\"https:\/\/www.chateauletros.fr\/wp-content\/uploads\/2017\/01\/MG_9496-e1489595335924-1-150x150.jpg 150w, https:\/\/www.chateauletros.fr\/wp-content\/uploads\/2017\/01\/MG_9496-e1489595335924-1-550x550.jpg 550w, https:\/\/www.chateauletros.fr\/wp-content\/uploads\/2017\/01\/MG_9496-e1489595335924-1-1000x1000.jpg 1000w\" sizes=\"auto, (max-width: 380px) 69.090909090909vw,(max-width: 500px) 90.909090909091vw,(max-width: 660px) 120vw,(max-width: 800px) 145.45454545455vw,550px\" \/><\/span><\/div><\/div><\/article>\n<article  class='mix portfolio_category_80 '><div class=\"item_holder gradient_hover\"><div class=\"text_holder\" ><div class=\"text_holder_outer\"><div class=\"text_holder_inner\"><h5 class=\"portfolio_title\" ><a href=\"https:\/\/www.chateauletros.fr\/index.php\/portfolio_page\/les-vignes\/\" >Les vignes<\/a><\/h5><span class=\"separator animate\" style=\"background-color: #e2bc9b;height: 2px;\"><\/span><\/div><\/div><\/div><a class=\"portfolio_link_class\" href=\"https:\/\/www.chateauletros.fr\/index.php\/portfolio_page\/les-vignes\/\" target=_self><\/a><div class=\"portfolio_shader\" style=\"background: -webkit-linear-gradient(to bottom, rgba(248,248,248,0) 10%, rgba(248,248,248,0.9) 100%);background: linear-gradient(to bottom, rgba(248,248,248,0) 10%, rgba(248,248,248,0.9) 100%);\"><\/div><div class=\"image_holder\"><span class=\"image\"><img loading=\"lazy\" decoding=\"async\" width=\"550\" height=\"550\" src=\"https:\/\/www.chateauletros.fr\/wp-content\/uploads\/2016\/10\/4A3A7659-550x550.jpg\" class=\"attachment-portfolio-square size-portfolio-square wp-post-image\" alt=\"\" srcset=\"https:\/\/www.chateauletros.fr\/wp-content\/uploads\/2016\/10\/4A3A7659-150x150.jpg 150w, https:\/\/www.chateauletros.fr\/wp-content\/uploads\/2016\/10\/4A3A7659-550x550.jpg 550w, https:\/\/www.chateauletros.fr\/wp-content\/uploads\/2016\/10\/4A3A7659-1000x1000.jpg 1000w\" sizes=\"auto, (max-width: 380px) 69.090909090909vw,(max-width: 500px) 90.909090909091vw,(max-width: 660px) 120vw,(max-width: 800px) 145.45454545455vw,550px\" \/><\/span><\/div><\/div><\/article>\n<article  class='mix portfolio_category_84 '><div class=\"item_holder gradient_hover\"><div class=\"text_holder\" ><div class=\"text_holder_outer\"><div class=\"text_holder_inner\"><h5 class=\"portfolio_title\" ><a href=\"https:\/\/www.chateauletros.fr\/index.php\/portfolio_page\/les-vins\/\" >Les vins<\/a><\/h5><span class=\"separator animate\" style=\"background-color: #e2bc9b;height: 2px;\"><\/span><\/div><\/div><\/div><a class=\"portfolio_link_class\" href=\"https:\/\/www.chateauletros.fr\/index.php\/portfolio_page\/les-vins\/\" target=_self><\/a><div class=\"portfolio_shader\" style=\"background: -webkit-linear-gradient(to bottom, rgba(248,248,248,0) 10%, rgba(248,248,248,0.9) 100%);background: linear-gradient(to bottom, rgba(248,248,248,0) 10%, rgba(248,248,248,0.9) 100%);\"><\/div><div class=\"image_holder\"><span class=\"image\"><img loading=\"lazy\" decoding=\"async\" width=\"550\" height=\"550\" src=\"https:\/\/www.chateauletros.fr\/wp-content\/uploads\/2016\/10\/4A3A7417-550x550.jpg\" class=\"attachment-portfolio-square size-portfolio-square wp-post-image\" alt=\"\" srcset=\"https:\/\/www.chateauletros.fr\/wp-content\/uploads\/2016\/10\/4A3A7417-150x150.jpg 150w, https:\/\/www.chateauletros.fr\/wp-content\/uploads\/2016\/10\/4A3A7417-550x550.jpg 550w, https:\/\/www.chateauletros.fr\/wp-content\/uploads\/2016\/10\/4A3A7417-1000x1000.jpg 1000w\" sizes=\"auto, (max-width: 380px) 69.090909090909vw,(max-width: 500px) 90.909090909091vw,(max-width: 660px) 120vw,(max-width: 800px) 145.45454545455vw,550px\" \/><\/span><\/div><\/div><\/article>\n<article  class='mix portfolio_category_83 '><div class=\"item_holder gradient_hover\"><div class=\"text_holder\" ><div class=\"text_holder_outer\"><div class=\"text_holder_inner\"><h5 class=\"portfolio_title\" ><a href=\"https:\/\/www.chateauletros.fr\/index.php\/portfolio_page\/les-chais\/\" >Les chais<\/a><\/h5><span class=\"separator animate\" style=\"background-color: #e2bc9b;height: 2px;\"><\/span><\/div><\/div><\/div><a class=\"portfolio_link_class\" href=\"https:\/\/www.chateauletros.fr\/index.php\/portfolio_page\/les-chais\/\" target=_self><\/a><div class=\"portfolio_shader\" style=\"background: -webkit-linear-gradient(to bottom, rgba(248,248,248,0) 10%, rgba(248,248,248,0.9) 100%);background: linear-gradient(to bottom, rgba(248,248,248,0) 10%, rgba(248,248,248,0.9) 100%);\"><\/div><div class=\"image_holder\"><span class=\"image\"><img loading=\"lazy\" decoding=\"async\" width=\"550\" height=\"550\" src=\"https:\/\/www.chateauletros.fr\/wp-content\/uploads\/2016\/10\/4A3A7249-550x550.jpg\" class=\"attachment-portfolio-square size-portfolio-square wp-post-image\" alt=\"\" srcset=\"https:\/\/www.chateauletros.fr\/wp-content\/uploads\/2016\/10\/4A3A7249-150x150.jpg 150w, https:\/\/www.chateauletros.fr\/wp-content\/uploads\/2016\/10\/4A3A7249-550x550.jpg 550w, https:\/\/www.chateauletros.fr\/wp-content\/uploads\/2016\/10\/4A3A7249-1000x1000.jpg 1000w\" sizes=\"auto, (max-width: 380px) 69.090909090909vw,(max-width: 500px) 90.909090909091vw,(max-width: 660px) 120vw,(max-width: 800px) 145.45454545455vw,550px\" \/><\/span><\/div><\/div><\/article>\n<div class='filler'><\/div>\n<div class='filler'><\/div>\n<div class='filler'><\/div>\n<div class='filler'><\/div>\n<\/div><\/div>[\/vc_column][\/vc_row]<\/p>\n<\/div>","protected":false},"excerpt":{"rendered":"<p>[vc_row row_type=\u00a0\u00bbrow\u00a0\u00bb use_row_as_full_screen_section=\u00a0\u00bbno\u00a0\u00bb type=\u00a0\u00bbfull_width\u00a0\u00bb text_align=\u00a0\u00bbcenter\u00a0\u00bb padding_bottom=\u00a0\u00bb44&Prime; box_shadow_on_row=\u00a0\u00bbno\u00a0\u00bb oblique_section=\u00a0\u00bbno\u00a0\u00bb oblique_section_top_and_bottom=\u00a0\u00bbboth\u00a0\u00bb oblique_section_position=\u00a0\u00bbfrom_left_to_right\u00a0\u00bb triangle_shape=\u00a0\u00bbno\u00a0\u00bb triangle_shape_position=\u00a0\u00bbboth\u00a0\u00bb][vc_column][\/vc_column][\/vc_row]<\/p>\n","protected":false},"author":2,"featured_media":0,"parent":0,"menu_order":0,"comment_status":"closed","ping_status":"closed","template":"","meta":{"footnotes":""},"class_list":["post-10228","page","type-page","status-publish","hentry"],"yoast_head":"<!-- This site is optimized with the Yoast SEO plugin v20.1 - https:\/\/yoast.com\/wordpress\/plugins\/seo\/ -->\n<title>Galerie Photos - Ch\u00e2teau le Tros - Vignobles Jabouin \u00e0 Tizac-de-Curton (33)<\/title>\n<meta name=\"description\" content=\"Plongez au c\u0153ur du Ch\u00e2teau Le Tros avec sa galerie photos sur notre site internet.\" \/>\n<meta name=\"robots\" content=\"index, follow, max-snippet:-1, max-image-preview:large, max-video-preview:-1\" \/>\n<link rel=\"canonical\" href=\"https:\/\/www.chateauletros.fr\/index.php\/galerie-photos\/\" \/>\n<meta property=\"og:locale\" content=\"fr_FR\" \/>\n<meta property=\"og:type\" content=\"article\" \/>\n<meta property=\"og:title\" content=\"Galerie Photos - Ch\u00e2teau le Tros - Vignobles Jabouin \u00e0 Tizac-de-Curton (33)\" \/>\n<meta property=\"og:description\" content=\"Plongez au c\u0153ur du Ch\u00e2teau Le Tros avec sa galerie photos sur notre site internet.\" \/>\n<meta property=\"og:url\" content=\"https:\/\/www.chateauletros.fr\/index.php\/galerie-photos\/\" \/>\n<meta property=\"og:site_name\" content=\"Ch\u00e2teau le Tros - Vignobles Jabouin \u00e0 Tizac-de-Curton (33)\" \/>\n<meta property=\"article:modified_time\" content=\"2025-05-07T13:18:56+00:00\" \/>\n<meta name=\"twitter:card\" content=\"summary_large_image\" \/>\n<meta name=\"twitter:label1\" content=\"Dur\u00e9e de lecture estim\u00e9e\" \/>\n\t<meta name=\"twitter:data1\" content=\"1 minute\" \/>\n<script type=\"application\/ld+json\" class=\"yoast-schema-graph\">{\"@context\":\"https:\/\/schema.org\",\"@graph\":[{\"@type\":\"WebPage\",\"@id\":\"https:\/\/www.chateauletros.fr\/index.php\/galerie-photos\/\",\"url\":\"https:\/\/www.chateauletros.fr\/index.php\/galerie-photos\/\",\"name\":\"Galerie Photos - Ch\u00e2teau le Tros - Vignobles Jabouin \u00e0 Tizac-de-Curton (33)\",\"isPartOf\":{\"@id\":\"https:\/\/www.chateauletros.fr\/#website\"},\"datePublished\":\"2025-05-07T13:18:16+00:00\",\"dateModified\":\"2025-05-07T13:18:56+00:00\",\"description\":\"Plongez au c\u0153ur du Ch\u00e2teau Le Tros avec sa galerie photos sur notre site internet.\",\"breadcrumb\":{\"@id\":\"https:\/\/www.chateauletros.fr\/index.php\/galerie-photos\/#breadcrumb\"},\"inLanguage\":\"fr-FR\",\"potentialAction\":[{\"@type\":\"ReadAction\",\"target\":[\"https:\/\/www.chateauletros.fr\/index.php\/galerie-photos\/\"]}]},{\"@type\":\"BreadcrumbList\",\"@id\":\"https:\/\/www.chateauletros.fr\/index.php\/galerie-photos\/#breadcrumb\",\"itemListElement\":[{\"@type\":\"ListItem\",\"position\":1,\"name\":\"Accueil\",\"item\":\"https:\/\/www.chateauletros.fr\/\"},{\"@type\":\"ListItem\",\"position\":2,\"name\":\"Galerie Photos\"}]},{\"@type\":\"WebSite\",\"@id\":\"https:\/\/www.chateauletros.fr\/#website\",\"url\":\"https:\/\/www.chateauletros.fr\/\",\"name\":\"Ch\u00e2teau le Tros - Vignobles Jabouin \u00e0 Tizac-de-Curton (33)\",\"description\":\"Ch\u00e2teau Le Tros - Quatre g\u00e9n\u00e9rations de passionn\u00e9s au service du vin\",\"potentialAction\":[{\"@type\":\"SearchAction\",\"target\":{\"@type\":\"EntryPoint\",\"urlTemplate\":\"https:\/\/www.chateauletros.fr\/?s={search_term_string}\"},\"query-input\":\"required name=search_term_string\"}],\"inLanguage\":\"fr-FR\"}]}<\/script>\n<!-- \/ Yoast SEO plugin. -->","yoast_head_json":{"title":"Galerie Photos - Ch\u00e2teau le Tros - Vignobles Jabouin \u00e0 Tizac-de-Curton (33)","description":"Plongez au c\u0153ur du Ch\u00e2teau Le Tros avec sa galerie photos sur notre site internet.","robots":{"index":"index","follow":"follow","max-snippet":"max-snippet:-1","max-image-preview":"max-image-preview:large","max-video-preview":"max-video-preview:-1"},"canonical":"https:\/\/www.chateauletros.fr\/index.php\/galerie-photos\/","og_locale":"fr_FR","og_type":"article","og_title":"Galerie Photos - Ch\u00e2teau le Tros - Vignobles Jabouin \u00e0 Tizac-de-Curton (33)","og_description":"Plongez au c\u0153ur du Ch\u00e2teau Le Tros avec sa galerie photos sur notre site internet.","og_url":"https:\/\/www.chateauletros.fr\/index.php\/galerie-photos\/","og_site_name":"Ch\u00e2teau le Tros - Vignobles Jabouin \u00e0 Tizac-de-Curton (33)","article_modified_time":"2025-05-07T13:18:56+00:00","twitter_card":"summary_large_image","twitter_misc":{"Dur\u00e9e de lecture estim\u00e9e":"1 minute"},"schema":{"@context":"https:\/\/schema.org","@graph":[{"@type":"WebPage","@id":"https:\/\/www.chateauletros.fr\/index.php\/galerie-photos\/","url":"https:\/\/www.chateauletros.fr\/index.php\/galerie-photos\/","name":"Galerie Photos - Ch\u00e2teau le Tros - Vignobles Jabouin \u00e0 Tizac-de-Curton (33)","isPartOf":{"@id":"https:\/\/www.chateauletros.fr\/#website"},"datePublished":"2025-05-07T13:18:16+00:00","dateModified":"2025-05-07T13:18:56+00:00","description":"Plongez au c\u0153ur du Ch\u00e2teau Le Tros avec sa galerie photos sur notre site internet.","breadcrumb":{"@id":"https:\/\/www.chateauletros.fr\/index.php\/galerie-photos\/#breadcrumb"},"inLanguage":"fr-FR","potentialAction":[{"@type":"ReadAction","target":["https:\/\/www.chateauletros.fr\/index.php\/galerie-photos\/"]}]},{"@type":"BreadcrumbList","@id":"https:\/\/www.chateauletros.fr\/index.php\/galerie-photos\/#breadcrumb","itemListElement":[{"@type":"ListItem","position":1,"name":"Accueil","item":"https:\/\/www.chateauletros.fr\/"},{"@type":"ListItem","position":2,"name":"Galerie Photos"}]},{"@type":"WebSite","@id":"https:\/\/www.chateauletros.fr\/#website","url":"https:\/\/www.chateauletros.fr\/","name":"Ch\u00e2teau le Tros - Vignobles Jabouin \u00e0 Tizac-de-Curton (33)","description":"Ch\u00e2teau Le Tros - Quatre g\u00e9n\u00e9rations de passionn\u00e9s au service du vin","potentialAction":[{"@type":"SearchAction","target":{"@type":"EntryPoint","urlTemplate":"https:\/\/www.chateauletros.fr\/?s={search_term_string}"},"query-input":"required name=search_term_string"}],"inLanguage":"fr-FR"}]}},"_links":{"self":[{"href":"https:\/\/www.chateauletros.fr\/index.php\/wp-json\/wp\/v2\/pages\/10228","targetHints":{"allow":["GET"]}}],"collection":[{"href":"https:\/\/www.chateauletros.fr\/index.php\/wp-json\/wp\/v2\/pages"}],"about":[{"href":"https:\/\/www.chateauletros.fr\/index.php\/wp-json\/wp\/v2\/types\/page"}],"author":[{"embeddable":true,"href":"https:\/\/www.chateauletros.fr\/index.php\/wp-json\/wp\/v2\/users\/2"}],"replies":[{"embeddable":true,"href":"https:\/\/www.chateauletros.fr\/index.php\/wp-json\/wp\/v2\/comments?post=10228"}],"version-history":[{"count":1,"href":"https:\/\/www.chateauletros.fr\/index.php\/wp-json\/wp\/v2\/pages\/10228\/revisions"}],"predecessor-version":[{"id":11190,"href":"https:\/\/www.chateauletros.fr\/index.php\/wp-json\/wp\/v2\/pages\/10228\/revisions\/11190"}],"wp:attachment":[{"href":"https:\/\/www.chateauletros.fr\/index.php\/wp-json\/wp\/v2\/media?parent=10228"}],"curies":[{"name":"wp","href":"https:\/\/api.w.org\/{rel}","templated":true}]}}